{"id":243,"date":"2018-07-13T13:59:17","date_gmt":"2018-07-13T11:59:17","guid":{"rendered":"https:\/\/einformatyka.com.pl\/index.php\/sklep\/"},"modified":"2018-08-02T08:07:10","modified_gmt":"2018-08-02T06:07:10","slug":"sklep-komputery-uzywane-i-nowe-tonery-akcesoria-komputerowe","status":"publish","type":"page","link":"https:\/\/einformatyka.com.pl\/index.php\/sklep-komputery-uzywane-i-nowe-tonery-akcesoria-komputerowe\/","title":{"rendered":"Sklep"},"content":{"rendered":"<div class=\"sharedaddy sd-sharing-enabled\"><div class=\"robots-nocontent sd-block sd-social sd-social-icon-text sd-sharing\"><h3 class=\"sd-title\">Share this:<\/h3><div class=\"sd-content\"><ul><li><a href=\"#\" class=\"sharing-anchor sd-button share-more\"><span>Share<\/span><\/a><\/li><li class=\"share-end\"><\/li><\/ul><div class=\"sharing-hidden\"><div class=\"inner\" style=\"display: none;\"><ul><li class=\"share-twitter\"><a rel=\"nofollow noopener noreferrer\" data-shared=\"sharing-twitter-243\" class=\"share-twitter sd-button share-icon\" href=\"https:\/\/einformatyka.com.pl\/index.php\/sklep-komputery-uzywane-i-nowe-tonery-akcesoria-komputerowe\/?share=twitter\" target=\"_blank\" title=\"Click to share on Twitter\" ><span>Twitter<\/span><\/a><\/li><li class=\"share-print\"><a rel=\"nofollow noopener noreferrer\" data-shared=\"\" class=\"share-print sd-button share-icon\" href=\"https:\/\/einformatyka.com.pl\/index.php\/sklep-komputery-uzywane-i-nowe-tonery-akcesoria-komputerowe\/\" target=\"_blank\" title=\"Click to print\" ><span>Print<\/span><\/a><\/li><li class=\"share-end\"><\/li><li class=\"share-facebook\"><a rel=\"nofollow noopener noreferrer\" data-shared=\"sharing-facebook-243\" class=\"share-facebook sd-button share-icon\" href=\"https:\/\/einformatyka.com.pl\/index.php\/sklep-komputery-uzywane-i-nowe-tonery-akcesoria-komputerowe\/?share=facebook\" target=\"_blank\" title=\"Click to share on Facebook\" ><span>Facebook<\/span><\/a><\/li><li class=\"share-end\"><\/li><\/ul><\/div><\/div><\/div><\/div><\/div>","protected":false},"excerpt":{"rendered":"<div class=\"sharedaddy sd-sharing-enabled\"><div class=\"robots-nocontent sd-block sd-social sd-social-icon-text sd-sharing\"><h3 class=\"sd-title\">Share this:<\/h3><div class=\"sd-content\"><ul><li><a href=\"#\" class=\"sharing-anchor sd-button share-more\"><span>Share<\/span><\/a><\/li><li class=\"share-end\"><\/li><\/ul><div class=\"sharing-hidden\"><div class=\"inner\" style=\"display: none;\"><ul><li class=\"share-twitter\"><a rel=\"nofollow noopener noreferrer\" data-shared=\"sharing-twitter-243\" class=\"share-twitter sd-button share-icon\" href=\"https:\/\/einformatyka.com.pl\/index.php\/sklep-komputery-uzywane-i-nowe-tonery-akcesoria-komputerowe\/?share=twitter\" target=\"_blank\" title=\"Click to share on Twitter\" ><span>Twitter<\/span><\/a><\/li><li class=\"share-print\"><a rel=\"nofollow noopener noreferrer\" data-shared=\"\" class=\"share-print sd-button share-icon\" href=\"https:\/\/einformatyka.com.pl\/index.php\/sklep-komputery-uzywane-i-nowe-tonery-akcesoria-komputerowe\/\" target=\"_blank\" title=\"Click to print\" ><span>Print<\/span><\/a><\/li><li class=\"share-end\"><\/li><li class=\"share-facebook\"><a rel=\"nofollow noopener noreferrer\" data-shared=\"sharing-facebook-243\" class=\"share-facebook sd-button share-icon\" href=\"https:\/\/einformatyka.com.pl\/index.php\/sklep-komputery-uzywane-i-nowe-tonery-akcesoria-komputerowe\/?share=facebook\" target=\"_blank\" title=\"Click to share on Facebook\" ><span>Facebook<\/span><\/a><\/li><li class=\"share-end\"><\/li><\/ul><\/div><\/div><\/div><\/div><\/div>","protected":false},"author":1,"featured_media":0,"parent":0,"menu_order":0,"comment_status":"closed","ping_status":"closed","template":"","meta":{"jetpack_post_was_ever_published":false},"yoast_head":"<!-- This site is optimized with the Yoast SEO plugin v19.9 - https:\/\/yoast.com\/wordpress\/plugins\/seo\/ -->\n<title>Sklep: komputery u\u017cywane i nowe - tonery - akcesoria komputerowe<\/title>\n<meta name=\"description\" content=\"Sprzeda\u017c komputer\u00f3w u\u017cywanych oraz nowych, akcesori\u00f3w komputerowych, drukarek, toner\u00f3w (oryginalnych oraz zamiennik\u00f3w) raz akcesori\u00f3w\" \/>\n<meta name=\"robots\" content=\"index, follow, max-snippet:-1, max-image-preview:large, max-video-preview:-1\" \/>\n<link rel=\"canonical\" href=\"https:\/\/einformatyka.com.pl\/index.php\/sklep-komputery-uzywane-i-nowe-tonery-akcesoria-komputerowe\/\" \/>\n<meta property=\"og:locale\" content=\"pl_PL\" \/>\n<meta property=\"og:type\" content=\"article\" \/>\n<meta property=\"og:title\" content=\"Sklep: komputery u\u017cywane i nowe - tonery - akcesoria komputerowe\" \/>\n<meta property=\"og:description\" content=\"Sprzeda\u017c komputer\u00f3w u\u017cywanych oraz nowych, akcesori\u00f3w komputerowych, drukarek, toner\u00f3w (oryginalnych oraz zamiennik\u00f3w) raz akcesori\u00f3w\" \/>\n<meta property=\"og:url\" content=\"https:\/\/einformatyka.com.pl\/index.php\/sklep-komputery-uzywane-i-nowe-tonery-akcesoria-komputerowe\/\" \/>\n<meta property=\"og:site_name\" content=\"Einformatyka\" \/>\n<meta property=\"article:publisher\" content=\"https:\/\/www.facebook.com\/einformatyka\/\" \/>\n<meta property=\"article:modified_time\" content=\"2018-08-02T06:07:10+00:00\" \/>\n<meta name=\"twitter:card\" content=\"summary_large_image\" \/>\n<script type=\"application\/ld+json\" class=\"yoast-schema-graph\">{\"@context\":\"https:\/\/schema.org\",\"@graph\":[{\"@type\":\"WebPage\",\"@id\":\"https:\/\/einformatyka.com.pl\/index.php\/sklep-komputery-uzywane-i-nowe-tonery-akcesoria-komputerowe\/\",\"url\":\"https:\/\/einformatyka.com.pl\/index.php\/sklep-komputery-uzywane-i-nowe-tonery-akcesoria-komputerowe\/\",\"name\":\"Sklep: komputery u\u017cywane i nowe - tonery - akcesoria komputerowe\",\"isPartOf\":{\"@id\":\"https:\/\/einformatyka.com.pl\/#website\"},\"datePublished\":\"2018-07-13T11:59:17+00:00\",\"dateModified\":\"2018-08-02T06:07:10+00:00\",\"description\":\"Sprzeda\u017c komputer\u00f3w u\u017cywanych oraz nowych, akcesori\u00f3w komputerowych, drukarek, toner\u00f3w (oryginalnych oraz zamiennik\u00f3w) raz akcesori\u00f3w\",\"breadcrumb\":{\"@id\":\"https:\/\/einformatyka.com.pl\/index.php\/sklep-komputery-uzywane-i-nowe-tonery-akcesoria-komputerowe\/#breadcrumb\"},\"inLanguage\":\"pl-PL\",\"potentialAction\":[{\"@type\":\"ReadAction\",\"target\":[\"https:\/\/einformatyka.com.pl\/index.php\/sklep-komputery-uzywane-i-nowe-tonery-akcesoria-komputerowe\/\"]}]},{\"@type\":\"BreadcrumbList\",\"@id\":\"https:\/\/einformatyka.com.pl\/index.php\/sklep-komputery-uzywane-i-nowe-tonery-akcesoria-komputerowe\/#breadcrumb\",\"itemListElement\":[{\"@type\":\"ListItem\",\"position\":1,\"name\":\"Strona g\u0142\u00f3wna\",\"item\":\"https:\/\/einformatyka.com.pl\/\"},{\"@type\":\"ListItem\",\"position\":2,\"name\":\"Sklep\"}]},{\"@type\":\"WebSite\",\"@id\":\"https:\/\/einformatyka.com.pl\/#website\",\"url\":\"https:\/\/einformatyka.com.pl\/\",\"name\":\"Einformatyka\",\"description\":\"Us\u0142ugi informatyczne\",\"publisher\":{\"@id\":\"https:\/\/einformatyka.com.pl\/#organization\"},\"potentialAction\":[{\"@type\":\"SearchAction\",\"target\":{\"@type\":\"EntryPoint\",\"urlTemplate\":\"https:\/\/einformatyka.com.pl\/?s={search_term_string}\"},\"query-input\":\"required name=search_term_string\"}],\"inLanguage\":\"pl-PL\"},{\"@type\":\"Organization\",\"@id\":\"https:\/\/einformatyka.com.pl\/#organization\",\"name\":\"Einformatyka\",\"url\":\"https:\/\/einformatyka.com.pl\/\",\"logo\":{\"@type\":\"ImageObject\",\"inLanguage\":\"pl-PL\",\"@id\":\"https:\/\/einformatyka.com.pl\/#\/schema\/logo\/image\/\",\"url\":\"https:\/\/i0.wp.com\/einformatyka.com.pl\/wp-content\/uploads\/2018\/06\/Einformatyka-logo-1.png?fit=3658%2C1122&ssl=1\",\"contentUrl\":\"https:\/\/i0.wp.com\/einformatyka.com.pl\/wp-content\/uploads\/2018\/06\/Einformatyka-logo-1.png?fit=3658%2C1122&ssl=1\",\"width\":3658,\"height\":1122,\"caption\":\"Einformatyka\"},\"image\":{\"@id\":\"https:\/\/einformatyka.com.pl\/#\/schema\/logo\/image\/\"},\"sameAs\":[\"https:\/\/www.facebook.com\/einformatyka\/\"]}]}<\/script>\n<!-- \/ Yoast SEO plugin. -->","yoast_head_json":{"title":"Sklep: komputery u\u017cywane i nowe - tonery - akcesoria komputerowe","description":"Sprzeda\u017c komputer\u00f3w u\u017cywanych oraz nowych, akcesori\u00f3w komputerowych, drukarek, toner\u00f3w (oryginalnych oraz zamiennik\u00f3w) raz akcesori\u00f3w","robots":{"index":"index","follow":"follow","max-snippet":"max-snippet:-1","max-image-preview":"max-image-preview:large","max-video-preview":"max-video-preview:-1"},"canonical":"https:\/\/einformatyka.com.pl\/index.php\/sklep-komputery-uzywane-i-nowe-tonery-akcesoria-komputerowe\/","og_locale":"pl_PL","og_type":"article","og_title":"Sklep: komputery u\u017cywane i nowe - tonery - akcesoria komputerowe","og_description":"Sprzeda\u017c komputer\u00f3w u\u017cywanych oraz nowych, akcesori\u00f3w komputerowych, drukarek, toner\u00f3w (oryginalnych oraz zamiennik\u00f3w) raz akcesori\u00f3w","og_url":"https:\/\/einformatyka.com.pl\/index.php\/sklep-komputery-uzywane-i-nowe-tonery-akcesoria-komputerowe\/","og_site_name":"Einformatyka","article_publisher":"https:\/\/www.facebook.com\/einformatyka\/","article_modified_time":"2018-08-02T06:07:10+00:00","twitter_card":"summary_large_image","schema":{"@context":"https:\/\/schema.org","@graph":[{"@type":"WebPage","@id":"https:\/\/einformatyka.com.pl\/index.php\/sklep-komputery-uzywane-i-nowe-tonery-akcesoria-komputerowe\/","url":"https:\/\/einformatyka.com.pl\/index.php\/sklep-komputery-uzywane-i-nowe-tonery-akcesoria-komputerowe\/","name":"Sklep: komputery u\u017cywane i nowe - tonery - akcesoria komputerowe","isPartOf":{"@id":"https:\/\/einformatyka.com.pl\/#website"},"datePublished":"2018-07-13T11:59:17+00:00","dateModified":"2018-08-02T06:07:10+00:00","description":"Sprzeda\u017c komputer\u00f3w u\u017cywanych oraz nowych, akcesori\u00f3w komputerowych, drukarek, toner\u00f3w (oryginalnych oraz zamiennik\u00f3w) raz akcesori\u00f3w","breadcrumb":{"@id":"https:\/\/einformatyka.com.pl\/index.php\/sklep-komputery-uzywane-i-nowe-tonery-akcesoria-komputerowe\/#breadcrumb"},"inLanguage":"pl-PL","potentialAction":[{"@type":"ReadAction","target":["https:\/\/einformatyka.com.pl\/index.php\/sklep-komputery-uzywane-i-nowe-tonery-akcesoria-komputerowe\/"]}]},{"@type":"BreadcrumbList","@id":"https:\/\/einformatyka.com.pl\/index.php\/sklep-komputery-uzywane-i-nowe-tonery-akcesoria-komputerowe\/#breadcrumb","itemListElement":[{"@type":"ListItem","position":1,"name":"Strona g\u0142\u00f3wna","item":"https:\/\/einformatyka.com.pl\/"},{"@type":"ListItem","position":2,"name":"Sklep"}]},{"@type":"WebSite","@id":"https:\/\/einformatyka.com.pl\/#website","url":"https:\/\/einformatyka.com.pl\/","name":"Einformatyka","description":"Us\u0142ugi informatyczne","publisher":{"@id":"https:\/\/einformatyka.com.pl\/#organization"},"potentialAction":[{"@type":"SearchAction","target":{"@type":"EntryPoint","urlTemplate":"https:\/\/einformatyka.com.pl\/?s={search_term_string}"},"query-input":"required name=search_term_string"}],"inLanguage":"pl-PL"},{"@type":"Organization","@id":"https:\/\/einformatyka.com.pl\/#organization","name":"Einformatyka","url":"https:\/\/einformatyka.com.pl\/","logo":{"@type":"ImageObject","inLanguage":"pl-PL","@id":"https:\/\/einformatyka.com.pl\/#\/schema\/logo\/image\/","url":"https:\/\/i0.wp.com\/einformatyka.com.pl\/wp-content\/uploads\/2018\/06\/Einformatyka-logo-1.png?fit=3658%2C1122&ssl=1","contentUrl":"https:\/\/i0.wp.com\/einformatyka.com.pl\/wp-content\/uploads\/2018\/06\/Einformatyka-logo-1.png?fit=3658%2C1122&ssl=1","width":3658,"height":1122,"caption":"Einformatyka"},"image":{"@id":"https:\/\/einformatyka.com.pl\/#\/schema\/logo\/image\/"},"sameAs":["https:\/\/www.facebook.com\/einformatyka\/"]}]}},"jetpack_sharing_enabled":true,"jetpack_shortlink":"https:\/\/wp.me\/Pabt0O-3V","jetpack_likes_enabled":true,"jetpack-related-posts":[{"id":3,"url":"https:\/\/einformatyka.com.pl\/index.php\/polityka-prywatnosci\/","url_meta":{"origin":243,"position":0},"title":"Polityka prywatno\u015bci","date":"7 czerwca 2018","format":false,"excerpt":"Polityka prywatno\u015bci 1.\u00a0Administratorem baz danych osobowych przekazywanych przez klient\u00f3w sklepu internetowego w zwi\u0105zku z zakupami jest Us\u0142ugodawca. 2.\u00a0Dane osobowe wykorzystywane s\u0105 w celu realizacji um\u00f3w sprzeda\u017cy, w zawi\u0105zku z tym mog\u0105 by\u0107 przekazywane podmiotom odpowiedzialnym za dostaw\u0119 zakupionych towar\u00f3w do klienta oraz, w przypadku zakup\u00f3w na raty, instytucjom kredytuj\u0105cym zakup.\u2026","rel":"","context":"Similar post","img":{"alt_text":"","src":"","width":0,"height":0},"classes":[]},{"id":124,"url":"https:\/\/einformatyka.com.pl\/index.php\/o-nas\/","url_meta":{"origin":243,"position":1},"title":"O nas","date":"13 czerwca 2018","format":false,"excerpt":"Einformatyka dzia\u0142a na Polskim rynku od roku 2015 \u015bwiadcz\u0105c us\u0142ugi informatyczne dla os\u00f3b prywatnych oraz ma\u0142ych i \u015brednich firm.\u00a0 Nasze do\u015bwiadczenie zdobywali\u015bmy wsp\u00f3\u0142pracuj\u0105c z firmami takimi jak: Grupa K\u0119ty, Aluprof, Beskidzkie Biuro Konsultingowe, Gk Vip Transfer, BMB Sklep, Stan-Bruk, Zak\u0142ad Kominiarski Jaros\u0142aw Fajfrzyk \u00a0 \u00a0 \u00a0 \u00a0 \u00a0 \u00a0 \u00a0\u2026","rel":"","context":"Similar post","img":{"alt_text":"","src":"","width":0,"height":0},"classes":[]},{"id":173,"url":"https:\/\/einformatyka.com.pl\/index.php\/strona-internetowa-najlepsza-wizytowka-kazdej-firmy\/","url_meta":{"origin":243,"position":2},"title":"Strona internetowa \u2013 najlepsza wizyt\u00f3wka ka\u017cdej firmy","date":"14 czerwca 2018","format":false,"excerpt":"Trudno wyobrazi\u0107 sobie dzisiejszy \u015bwiat bez Internetu. Pozwala on w szybki i \u0142atwy spos\u00f3b znale\u017a\u0107 interesuj\u0105ce nas tre\u015bci na ka\u017cdym urz\u0105dzeniu (komputery, tablety, smatrfony). Dla tego strona internetowa to najlepsza wizyt\u00f3wka ka\u017cdej firmy, kt\u00f3ra pozwoli na dotarcie do tysi\u0119cy nowych, potencjalnych klient\u00f3w. Rozpoznawalno\u015b\u0107 marki Posiadanie w\u0142asnej strony www pozwala na\u2026","rel":"","context":"Similar post","img":{"alt_text":"","src":"","width":0,"height":0},"classes":[]},{"id":333,"url":"https:\/\/einformatyka.com.pl\/index.php\/regulamin-sklepu-internetowego-einformatyka-inz-tomasz-radwan\/","url_meta":{"origin":243,"position":3},"title":"Regulamin sklepu internetowego Einformatyka inz. Tomasz Radwan","date":"2 sierpnia 2018","format":false,"excerpt":"\u00a71 Postanowienia wst\u0119pne \u00a0 Sklep internetowy Einformatyka, dost\u0119pny pod adresem internetowym https:\/\/einformatyka.com.pl , prowadzony jest przez Tomasza Radwana prowadz\u0105cego dzia\u0142alno\u015b\u0107 gospodarcz\u0105 pod firm\u0105 Einformatyka, wpisan\u0105 do Centralnej Ewidencji i Informacji o Dzia\u0142alno\u015bci Gospodarczej (CEIDG) prowadzonej przez ministra w\u0142a\u015bciwego ds. gospodarki, NIP 5492256712, REGON 362805950 Niniejszy Regulamin skierowany jest zar\u00f3wno do\u2026","rel":"","context":"Similar post","img":{"alt_text":"","src":"","width":0,"height":0},"classes":[]}],"_links":{"self":[{"href":"https:\/\/einformatyka.com.pl\/index.php\/wp-json\/wp\/v2\/pages\/243"}],"collection":[{"href":"https:\/\/einformatyka.com.pl\/index.php\/wp-json\/wp\/v2\/pages"}],"about":[{"href":"https:\/\/einformatyka.com.pl\/index.php\/wp-json\/wp\/v2\/types\/page"}],"author":[{"embeddable":true,"href":"https:\/\/einformatyka.com.pl\/index.php\/wp-json\/wp\/v2\/users\/1"}],"replies":[{"embeddable":true,"href":"https:\/\/einformatyka.com.pl\/index.php\/wp-json\/wp\/v2\/comments?post=243"}],"version-history":[{"count":0,"href":"https:\/\/einformatyka.com.pl\/index.php\/wp-json\/wp\/v2\/pages\/243\/revisions"}],"wp:attachment":[{"href":"https:\/\/einformatyka.com.pl\/index.php\/wp-json\/wp\/v2\/media?parent=243"}],"curies":[{"name":"wp","href":"https:\/\/api.w.org\/{rel}","templated":true}]}}