{"id":481,"date":"2018-08-28T18:36:59","date_gmt":"2018-08-28T16:36:59","guid":{"rendered":"https:\/\/einformatyka.com.pl\/?page_id=481"},"modified":"2018-08-28T18:46:15","modified_gmt":"2018-08-28T16:46:15","slug":"pozycjonowanie-stron-internetowych","status":"publish","type":"page","link":"https:\/\/einformatyka.com.pl\/index.php\/oferta-uslug-informatycznych\/pozycjonowanie-stron-internetowych\/","title":{"rendered":"Pozycjonowanie stron internetowych"},"content":{"rendered":"<p>Oferujemy profesjonalne us\u0142ugi w zakresie <strong>pozycjonowania stron internetowych<\/strong>. Przygotujemy dla pa\u0144stwa profesjonaln\u0105 wizyt\u00f3wk\u0119 strony w wyszukiwarce Google oraz mapach. Za\u0142o\u017cymy i poprowadzimy profile spo\u0142eczno\u015bciowe. Pomo\u017cemy w \u201ezrozumieniu\u201d przez przegl\u0105darki interesuj\u0105cych pa\u0144stwa tre\u015bci. Zadbamy, aby strona www przyci\u0105gn\u0119\u0142a nowych, potencjalnych klient\u00f3w.<\/p>\n<p>Pozycjonowanie stron internetowych to szereg czynno\u015bci maj\u0105cych na celu zwi\u0119kszenie \u201ewra\u017cliwo\u015bci\u201d przegl\u0105darki www na okre\u015blone frazy. Wymaga to sta\u0142ej analizy mechanizm\u00f3w wyszukiwania, dbania o poprawno\u015bci tre\u015bci w serwisach webowych oraz sta\u0142ej analizy wynik\u00f3w. Jest to proces wymagaj\u0105cy du\u017co czasu, lecz jego efekt nie os\u0142abnie zaraz po jego zako\u0144czeniu.<\/p>\n<p>Oferujemy:<\/p>\n<ul>\n<li>Za\u0142o\u017cenie profesjonalnej wizyt\u00f3wki w Google<\/li>\n<li>Za\u0142o\u017cenie profilu w mapach<\/li>\n<li>Za\u0142o\u017cenie kont na profilach spo\u0142eczno\u015bciowych<\/li>\n<li>Prowadzenie kont spo\u0142eczno\u015bciowych<\/li>\n<li>Przygotowanie post\u00f3w<\/li>\n<li>Dodawanie link\u00f3w pozycjonuj\u0105cych w innych serwisach<\/li>\n<li>Modyfikacja strony klienta na potrzeby pozycjonowania<\/li>\n<li>Reklamy AdSense i AdWords<\/li>\n<li>Inne czynno\u015bci, kt\u00f3re uznamy za konieczne w celu poprawy widoczno\u015bci strony internetowej<\/li>\n<\/ul>\n<p><img data-attachment-id=\"486\" data-permalink=\"https:\/\/einformatyka.com.pl\/index.php\/oferta-uslug-informatycznych\/pozycjonowanie-stron-internetowych\/adsense\/\" data-orig-file=\"https:\/\/i0.wp.com\/einformatyka.com.pl\/wp-content\/uploads\/2018\/08\/AdSense.png?fit=320%2C158&amp;ssl=1\" data-orig-size=\"320,158\" data-comments-opened=\"1\" data-image-meta=\"{&quot;aperture&quot;:&quot;0&quot;,&quot;credit&quot;:&quot;&quot;,&quot;camera&quot;:&quot;&quot;,&quot;caption&quot;:&quot;&quot;,&quot;created_timestamp&quot;:&quot;0&quot;,&quot;copyright&quot;:&quot;&quot;,&quot;focal_length&quot;:&quot;0&quot;,&quot;iso&quot;:&quot;0&quot;,&quot;shutter_speed&quot;:&quot;0&quot;,&quot;title&quot;:&quot;&quot;,&quot;orientation&quot;:&quot;0&quot;}\" data-image-title=\"Pozycjonowanie stron internetowych &#8211; AdSense\" data-image-description=\"&lt;p&gt;Pozycjonowanie stron internetowych &#8211; AdSense&lt;\/p&gt;\n\" data-image-caption=\"&lt;p&gt;Pozycjonowanie stron internetowych &#8211; AdSense&lt;\/p&gt;\n\" data-medium-file=\"https:\/\/i0.wp.com\/einformatyka.com.pl\/wp-content\/uploads\/2018\/08\/AdSense.png?fit=300%2C148&amp;ssl=1\" data-large-file=\"https:\/\/i0.wp.com\/einformatyka.com.pl\/wp-content\/uploads\/2018\/08\/AdSense.png?fit=320%2C158&amp;ssl=1\" decoding=\"async\" class=\"size-medium wp-image-486\" title=\"Pozycjonowanie stron internetowych - AdSense\" src=\"https:\/\/i0.wp.com\/einformatyka.com.pl\/wp-content\/uploads\/2018\/08\/AdSense.png?fit=300%2C300&#038;ssl=1\" alt=\"Pozycjonowanie stron internetowych - AdSense\" height=\"300\" srcset=\"https:\/\/i0.wp.com\/einformatyka.com.pl\/wp-content\/uploads\/2018\/08\/AdSense.png?resize=300%2C148&amp;ssl=1 300w, https:\/\/i0.wp.com\/einformatyka.com.pl\/wp-content\/uploads\/2018\/08\/AdSense.png?w=320&amp;ssl=1 320w\" sizes=\"(max-width: 300px) 100vw, 300px\" data-recalc-dims=\"1\" \/><\/p>\n<p><img data-attachment-id=\"487\" data-permalink=\"https:\/\/einformatyka.com.pl\/index.php\/oferta-uslug-informatycznych\/pozycjonowanie-stron-internetowych\/adwords-svg\/\" data-orig-file=\"https:\/\/i0.wp.com\/einformatyka.com.pl\/wp-content\/uploads\/2018\/08\/AdWords.svg_.png?fit=2000%2C351&amp;ssl=1\" data-orig-size=\"2000,351\" data-comments-opened=\"1\" data-image-meta=\"{&quot;aperture&quot;:&quot;0&quot;,&quot;credit&quot;:&quot;&quot;,&quot;camera&quot;:&quot;&quot;,&quot;caption&quot;:&quot;&quot;,&quot;created_timestamp&quot;:&quot;0&quot;,&quot;copyright&quot;:&quot;&quot;,&quot;focal_length&quot;:&quot;0&quot;,&quot;iso&quot;:&quot;0&quot;,&quot;shutter_speed&quot;:&quot;0&quot;,&quot;title&quot;:&quot;&quot;,&quot;orientation&quot;:&quot;0&quot;}\" data-image-title=\"Pozycjonowanie stron internetowych &#8211; AdWords.svg\" data-image-description=\"&lt;p&gt;Pozycjonowanie stron internetowych &#8211; AdWords.svg&lt;\/p&gt;\n\" data-image-caption=\"&lt;p&gt;Pozycjonowanie stron internetowych &#8211; AdWords.svg&lt;\/p&gt;\n\" data-medium-file=\"https:\/\/i0.wp.com\/einformatyka.com.pl\/wp-content\/uploads\/2018\/08\/AdWords.svg_.png?fit=300%2C53&amp;ssl=1\" data-large-file=\"https:\/\/i0.wp.com\/einformatyka.com.pl\/wp-content\/uploads\/2018\/08\/AdWords.svg_.png?fit=1024%2C180&amp;ssl=1\" decoding=\"async\" class=\"size-medium wp-image-487 alignleft\" title=\"Pozycjonowanie stron internetowych - AdWords\" src=\"https:\/\/i0.wp.com\/einformatyka.com.pl\/wp-content\/uploads\/2018\/08\/AdWords.svg_.png?fit=300%2C300&#038;ssl=1\" alt=\"Pozycjonowanie stron internetowych - AdWords\" height=\"300\" srcset=\"https:\/\/i0.wp.com\/einformatyka.com.pl\/wp-content\/uploads\/2018\/08\/AdWords.svg_.png?resize=300%2C53&amp;ssl=1 300w, https:\/\/i0.wp.com\/einformatyka.com.pl\/wp-content\/uploads\/2018\/08\/AdWords.svg_.png?resize=768%2C135&amp;ssl=1 768w, https:\/\/i0.wp.com\/einformatyka.com.pl\/wp-content\/uploads\/2018\/08\/AdWords.svg_.png?resize=1024%2C180&amp;ssl=1 1024w, https:\/\/i0.wp.com\/einformatyka.com.pl\/wp-content\/uploads\/2018\/08\/AdWords.svg_.png?resize=520%2C91&amp;ssl=1 520w, https:\/\/i0.wp.com\/einformatyka.com.pl\/wp-content\/uploads\/2018\/08\/AdWords.svg_.png?resize=740%2C130&amp;ssl=1 740w, https:\/\/i0.wp.com\/einformatyka.com.pl\/wp-content\/uploads\/2018\/08\/AdWords.svg_.png?resize=600%2C105&amp;ssl=1 600w, https:\/\/i0.wp.com\/einformatyka.com.pl\/wp-content\/uploads\/2018\/08\/AdWords.svg_.png?w=2000&amp;ssl=1 2000w\" sizes=\"(max-width: 300px) 100vw, 300px\" data-recalc-dims=\"1\" \/><\/p>\n<p>&nbsp;<\/p>\n<p>&nbsp;<\/p>\n<p>&nbsp;<\/p>\n<p>Cena: <strong>od 250z\u0142 netto<\/strong><\/p>\n<p>&nbsp;<\/p>\n<p>Sprawd\u017a ca\u0142\u0105 nasz\u0105 ofert\u0119:\u00a0<a href=\"https:\/\/einformatyka.com.pl\/index.php\/oferta-uslug-informatycznych\/\">https:\/\/einformatyka.com.pl\/index.php\/oferta-uslug-informatycznych\/<\/a><\/p>\n<div class=\"sharedaddy sd-sharing-enabled\"><div class=\"robots-nocontent sd-block sd-social sd-social-icon-text sd-sharing\"><h3 class=\"sd-title\">Share this:<\/h3><div class=\"sd-content\"><ul><li><a href=\"#\" class=\"sharing-anchor sd-button share-more\"><span>Share<\/span><\/a><\/li><li class=\"share-end\"><\/li><\/ul><div class=\"sharing-hidden\"><div class=\"inner\" style=\"display: none;\"><ul><li class=\"share-twitter\"><a rel=\"nofollow noopener noreferrer\" data-shared=\"sharing-twitter-481\" class=\"share-twitter sd-button share-icon\" href=\"https:\/\/einformatyka.com.pl\/index.php\/oferta-uslug-informatycznych\/pozycjonowanie-stron-internetowych\/?share=twitter\" target=\"_blank\" title=\"Click to share on Twitter\" ><span>Twitter<\/span><\/a><\/li><li class=\"share-print\"><a rel=\"nofollow noopener noreferrer\" data-shared=\"\" class=\"share-print sd-button share-icon\" href=\"https:\/\/einformatyka.com.pl\/index.php\/oferta-uslug-informatycznych\/pozycjonowanie-stron-internetowych\/\" target=\"_blank\" title=\"Click to print\" ><span>Print<\/span><\/a><\/li><li class=\"share-end\"><\/li><li class=\"share-facebook\"><a rel=\"nofollow noopener noreferrer\" data-shared=\"sharing-facebook-481\" class=\"share-facebook sd-button share-icon\" href=\"https:\/\/einformatyka.com.pl\/index.php\/oferta-uslug-informatycznych\/pozycjonowanie-stron-internetowych\/?share=facebook\" target=\"_blank\" title=\"Click to share on Facebook\" ><span>Facebook<\/span><\/a><\/li><li class=\"share-end\"><\/li><\/ul><\/div><\/div><\/div><\/div><\/div>","protected":false},"excerpt":{"rendered":"<p>Oferujemy profesjonalne us\u0142ugi w zakresie pozycjonowania stron internetowych. Przygotujemy dla pa\u0144stwa profesjonaln\u0105 wizyt\u00f3wk\u0119 strony w wyszukiwarce Google oraz mapach. Za\u0142o\u017cymy i poprowadzimy profile spo\u0142eczno\u015bciowe. Pomo\u017cemy w \u201ezrozumieniu\u201d przez przegl\u0105darki interesuj\u0105cych pa\u0144stwa tre\u015bci. Zadbamy, aby strona<a class=\"read-more\" href=\"https:\/\/einformatyka.com.pl\/index.php\/oferta-uslug-informatycznych\/pozycjonowanie-stron-internetowych\/\">Continue reading<\/a><\/p>\n<div class=\"sharedaddy sd-sharing-enabled\"><div class=\"robots-nocontent sd-block sd-social sd-social-icon-text sd-sharing\"><h3 class=\"sd-title\">Share this:<\/h3><div class=\"sd-content\"><ul><li><a href=\"#\" class=\"sharing-anchor sd-button share-more\"><span>Share<\/span><\/a><\/li><li class=\"share-end\"><\/li><\/ul><div class=\"sharing-hidden\"><div class=\"inner\" style=\"display: none;\"><ul><li class=\"share-twitter\"><a rel=\"nofollow noopener noreferrer\" data-shared=\"sharing-twitter-481\" class=\"share-twitter sd-button share-icon\" href=\"https:\/\/einformatyka.com.pl\/index.php\/oferta-uslug-informatycznych\/pozycjonowanie-stron-internetowych\/?share=twitter\" target=\"_blank\" title=\"Click to share on Twitter\" ><span>Twitter<\/span><\/a><\/li><li class=\"share-print\"><a rel=\"nofollow noopener noreferrer\" data-shared=\"\" class=\"share-print sd-button share-icon\" href=\"https:\/\/einformatyka.com.pl\/index.php\/oferta-uslug-informatycznych\/pozycjonowanie-stron-internetowych\/\" target=\"_blank\" title=\"Click to print\" ><span>Print<\/span><\/a><\/li><li class=\"share-end\"><\/li><li class=\"share-facebook\"><a rel=\"nofollow noopener noreferrer\" data-shared=\"sharing-facebook-481\" class=\"share-facebook sd-button share-icon\" href=\"https:\/\/einformatyka.com.pl\/index.php\/oferta-uslug-informatycznych\/pozycjonowanie-stron-internetowych\/?share=facebook\" target=\"_blank\" title=\"Click to share on Facebook\" ><span>Facebook<\/span><\/a><\/li><li class=\"share-end\"><\/li><\/ul><\/div><\/div><\/div><\/div><\/div>","protected":false},"author":1,"featured_media":185,"parent":41,"menu_order":0,"comment_status":"closed","ping_status":"closed","template":"","meta":{"jetpack_post_was_ever_published":false},"yoast_head":"<!-- This site is optimized with the Yoast SEO plugin v19.9 - https:\/\/yoast.com\/wordpress\/plugins\/seo\/ -->\n<title>Pozycjonowanie stron internetowych - Einformatyka<\/title>\n<meta name=\"description\" content=\"Oferujemy profesjonalne us\u0142ugi w zakresie pozycjonowania stron internetowych. Przygotujemy dla pa\u0144stwa profesjonaln\u0105 wizyt\u00f3wk\u0119 strony ...\" \/>\n<meta name=\"robots\" content=\"index, follow, max-snippet:-1, max-image-preview:large, max-video-preview:-1\" \/>\n<link rel=\"canonical\" href=\"https:\/\/einformatyka.com.pl\/index.php\/oferta-uslug-informatycznych\/pozycjonowanie-stron-internetowych\/\" \/>\n<meta property=\"og:locale\" content=\"pl_PL\" \/>\n<meta property=\"og:type\" content=\"article\" \/>\n<meta property=\"og:title\" content=\"Pozycjonowanie stron internetowych - Einformatyka\" \/>\n<meta property=\"og:description\" content=\"Oferujemy profesjonalne us\u0142ugi w zakresie pozycjonowania stron internetowych. Przygotujemy dla pa\u0144stwa profesjonaln\u0105 wizyt\u00f3wk\u0119 strony ...\" \/>\n<meta property=\"og:url\" content=\"https:\/\/einformatyka.com.pl\/index.php\/oferta-uslug-informatycznych\/pozycjonowanie-stron-internetowych\/\" \/>\n<meta property=\"og:site_name\" content=\"Einformatyka\" \/>\n<meta property=\"article:publisher\" content=\"https:\/\/www.facebook.com\/einformatyka\/\" \/>\n<meta property=\"article:modified_time\" content=\"2018-08-28T16:46:15+00:00\" \/>\n<meta property=\"og:image\" content=\"https:\/\/i0.wp.com\/einformatyka.com.pl\/wp-content\/uploads\/2018\/06\/seo.jpg?fit=800%2C457&ssl=1\" \/>\n\t<meta property=\"og:image:width\" content=\"800\" \/>\n\t<meta property=\"og:image:height\" content=\"457\" \/>\n\t<meta property=\"og:image:type\" content=\"image\/jpeg\" \/>\n<meta name=\"twitter:card\" content=\"summary_large_image\" \/>\n<meta name=\"twitter:label1\" content=\"Szacowany czas czytania\" \/>\n\t<meta name=\"twitter:data1\" content=\"1 minuta\" \/>\n<script type=\"application\/ld+json\" class=\"yoast-schema-graph\">{\"@context\":\"https:\/\/schema.org\",\"@graph\":[{\"@type\":\"WebPage\",\"@id\":\"https:\/\/einformatyka.com.pl\/index.php\/oferta-uslug-informatycznych\/pozycjonowanie-stron-internetowych\/\",\"url\":\"https:\/\/einformatyka.com.pl\/index.php\/oferta-uslug-informatycznych\/pozycjonowanie-stron-internetowych\/\",\"name\":\"Pozycjonowanie stron internetowych - Einformatyka\",\"isPartOf\":{\"@id\":\"https:\/\/einformatyka.com.pl\/#website\"},\"datePublished\":\"2018-08-28T16:36:59+00:00\",\"dateModified\":\"2018-08-28T16:46:15+00:00\",\"description\":\"Oferujemy profesjonalne us\u0142ugi w zakresie pozycjonowania stron internetowych. Przygotujemy dla pa\u0144stwa profesjonaln\u0105 wizyt\u00f3wk\u0119 strony ...\",\"breadcrumb\":{\"@id\":\"https:\/\/einformatyka.com.pl\/index.php\/oferta-uslug-informatycznych\/pozycjonowanie-stron-internetowych\/#breadcrumb\"},\"inLanguage\":\"pl-PL\",\"potentialAction\":[{\"@type\":\"ReadAction\",\"target\":[\"https:\/\/einformatyka.com.pl\/index.php\/oferta-uslug-informatycznych\/pozycjonowanie-stron-internetowych\/\"]}]},{\"@type\":\"BreadcrumbList\",\"@id\":\"https:\/\/einformatyka.com.pl\/index.php\/oferta-uslug-informatycznych\/pozycjonowanie-stron-internetowych\/#breadcrumb\",\"itemListElement\":[{\"@type\":\"ListItem\",\"position\":1,\"name\":\"Strona g\u0142\u00f3wna\",\"item\":\"https:\/\/einformatyka.com.pl\/\"},{\"@type\":\"ListItem\",\"position\":2,\"name\":\"Oferta us\u0142ug informatycznych\",\"item\":\"https:\/\/einformatyka.com.pl\/index.php\/oferta-uslug-informatycznych\/\"},{\"@type\":\"ListItem\",\"position\":3,\"name\":\"Pozycjonowanie stron internetowych\"}]},{\"@type\":\"WebSite\",\"@id\":\"https:\/\/einformatyka.com.pl\/#website\",\"url\":\"https:\/\/einformatyka.com.pl\/\",\"name\":\"Einformatyka\",\"description\":\"Us\u0142ugi informatyczne\",\"publisher\":{\"@id\":\"https:\/\/einformatyka.com.pl\/#organization\"},\"potentialAction\":[{\"@type\":\"SearchAction\",\"target\":{\"@type\":\"EntryPoint\",\"urlTemplate\":\"https:\/\/einformatyka.com.pl\/?s={search_term_string}\"},\"query-input\":\"required name=search_term_string\"}],\"inLanguage\":\"pl-PL\"},{\"@type\":\"Organization\",\"@id\":\"https:\/\/einformatyka.com.pl\/#organization\",\"name\":\"Einformatyka\",\"url\":\"https:\/\/einformatyka.com.pl\/\",\"logo\":{\"@type\":\"ImageObject\",\"inLanguage\":\"pl-PL\",\"@id\":\"https:\/\/einformatyka.com.pl\/#\/schema\/logo\/image\/\",\"url\":\"https:\/\/i0.wp.com\/einformatyka.com.pl\/wp-content\/uploads\/2018\/06\/Einformatyka-logo-1.png?fit=3658%2C1122&ssl=1\",\"contentUrl\":\"https:\/\/i0.wp.com\/einformatyka.com.pl\/wp-content\/uploads\/2018\/06\/Einformatyka-logo-1.png?fit=3658%2C1122&ssl=1\",\"width\":3658,\"height\":1122,\"caption\":\"Einformatyka\"},\"image\":{\"@id\":\"https:\/\/einformatyka.com.pl\/#\/schema\/logo\/image\/\"},\"sameAs\":[\"https:\/\/www.facebook.com\/einformatyka\/\"]}]}<\/script>\n<!-- \/ Yoast SEO plugin. -->","yoast_head_json":{"title":"Pozycjonowanie stron internetowych - Einformatyka","description":"Oferujemy profesjonalne us\u0142ugi w zakresie pozycjonowania stron internetowych. Przygotujemy dla pa\u0144stwa profesjonaln\u0105 wizyt\u00f3wk\u0119 strony ...","robots":{"index":"index","follow":"follow","max-snippet":"max-snippet:-1","max-image-preview":"max-image-preview:large","max-video-preview":"max-video-preview:-1"},"canonical":"https:\/\/einformatyka.com.pl\/index.php\/oferta-uslug-informatycznych\/pozycjonowanie-stron-internetowych\/","og_locale":"pl_PL","og_type":"article","og_title":"Pozycjonowanie stron internetowych - Einformatyka","og_description":"Oferujemy profesjonalne us\u0142ugi w zakresie pozycjonowania stron internetowych. Przygotujemy dla pa\u0144stwa profesjonaln\u0105 wizyt\u00f3wk\u0119 strony ...","og_url":"https:\/\/einformatyka.com.pl\/index.php\/oferta-uslug-informatycznych\/pozycjonowanie-stron-internetowych\/","og_site_name":"Einformatyka","article_publisher":"https:\/\/www.facebook.com\/einformatyka\/","article_modified_time":"2018-08-28T16:46:15+00:00","og_image":[{"width":800,"height":457,"url":"https:\/\/i0.wp.com\/einformatyka.com.pl\/wp-content\/uploads\/2018\/06\/seo.jpg?fit=800%2C457&ssl=1","type":"image\/jpeg"}],"twitter_card":"summary_large_image","twitter_misc":{"Szacowany czas czytania":"1 minuta"},"schema":{"@context":"https:\/\/schema.org","@graph":[{"@type":"WebPage","@id":"https:\/\/einformatyka.com.pl\/index.php\/oferta-uslug-informatycznych\/pozycjonowanie-stron-internetowych\/","url":"https:\/\/einformatyka.com.pl\/index.php\/oferta-uslug-informatycznych\/pozycjonowanie-stron-internetowych\/","name":"Pozycjonowanie stron internetowych - Einformatyka","isPartOf":{"@id":"https:\/\/einformatyka.com.pl\/#website"},"datePublished":"2018-08-28T16:36:59+00:00","dateModified":"2018-08-28T16:46:15+00:00","description":"Oferujemy profesjonalne us\u0142ugi w zakresie pozycjonowania stron internetowych. Przygotujemy dla pa\u0144stwa profesjonaln\u0105 wizyt\u00f3wk\u0119 strony ...","breadcrumb":{"@id":"https:\/\/einformatyka.com.pl\/index.php\/oferta-uslug-informatycznych\/pozycjonowanie-stron-internetowych\/#breadcrumb"},"inLanguage":"pl-PL","potentialAction":[{"@type":"ReadAction","target":["https:\/\/einformatyka.com.pl\/index.php\/oferta-uslug-informatycznych\/pozycjonowanie-stron-internetowych\/"]}]},{"@type":"BreadcrumbList","@id":"https:\/\/einformatyka.com.pl\/index.php\/oferta-uslug-informatycznych\/pozycjonowanie-stron-internetowych\/#breadcrumb","itemListElement":[{"@type":"ListItem","position":1,"name":"Strona g\u0142\u00f3wna","item":"https:\/\/einformatyka.com.pl\/"},{"@type":"ListItem","position":2,"name":"Oferta us\u0142ug informatycznych","item":"https:\/\/einformatyka.com.pl\/index.php\/oferta-uslug-informatycznych\/"},{"@type":"ListItem","position":3,"name":"Pozycjonowanie stron internetowych"}]},{"@type":"WebSite","@id":"https:\/\/einformatyka.com.pl\/#website","url":"https:\/\/einformatyka.com.pl\/","name":"Einformatyka","description":"Us\u0142ugi informatyczne","publisher":{"@id":"https:\/\/einformatyka.com.pl\/#organization"},"potentialAction":[{"@type":"SearchAction","target":{"@type":"EntryPoint","urlTemplate":"https:\/\/einformatyka.com.pl\/?s={search_term_string}"},"query-input":"required name=search_term_string"}],"inLanguage":"pl-PL"},{"@type":"Organization","@id":"https:\/\/einformatyka.com.pl\/#organization","name":"Einformatyka","url":"https:\/\/einformatyka.com.pl\/","logo":{"@type":"ImageObject","inLanguage":"pl-PL","@id":"https:\/\/einformatyka.com.pl\/#\/schema\/logo\/image\/","url":"https:\/\/i0.wp.com\/einformatyka.com.pl\/wp-content\/uploads\/2018\/06\/Einformatyka-logo-1.png?fit=3658%2C1122&ssl=1","contentUrl":"https:\/\/i0.wp.com\/einformatyka.com.pl\/wp-content\/uploads\/2018\/06\/Einformatyka-logo-1.png?fit=3658%2C1122&ssl=1","width":3658,"height":1122,"caption":"Einformatyka"},"image":{"@id":"https:\/\/einformatyka.com.pl\/#\/schema\/logo\/image\/"},"sameAs":["https:\/\/www.facebook.com\/einformatyka\/"]}]}},"jetpack_sharing_enabled":true,"jetpack_shortlink":"https:\/\/wp.me\/Pabt0O-7L","jetpack_likes_enabled":true,"jetpack-related-posts":[{"id":378,"url":"https:\/\/einformatyka.com.pl\/index.php\/pisanie-stron-internetowych-przy-uzyciu-systemow-cms-oraz-recznie\/","url_meta":{"origin":481,"position":0},"title":"Pisanie stron internetowych przy u\u017cyciu system\u00f3w CMS oraz r\u0119cznie.","date":"16 sierpnia 2018","format":false,"excerpt":"Oferujemy kompleksowe przygotowanie stron www od wyboru i konfiguracji serwera do napisania samej strony. Pisanie stron internetowych przy u\u017cyciu system\u00f3w CMS oraz r\u0119czne w zale\u017cno\u015bci od potrzeb oraz wymaga\u0144 klienta. Przygotowanie serwera (hostingu) Pierwszym etapem budowy serwisu internetowego jest wyb\u00f3r \u015brodowiska, na kt\u00f3rym b\u0119dzie on dzia\u0142a\u0142. Je\u015bli planujemy stworzy\u0107 niewielk\u0105\u2026","rel":"","context":"Similar post","img":{"alt_text":"","src":"https:\/\/i0.wp.com\/einformatyka.com.pl\/wp-content\/uploads\/2018\/06\/Strona-internetowa\u00e2\u0080\u0093najlepsza-wizyt\u00c3\u00b3wka-ka\u00c5\u00bcdej-firmy-wordpress-300x300.jpg?resize=350%2C200&ssl=1","width":350,"height":200},"classes":[]},{"id":161,"url":"https:\/\/einformatyka.com.pl\/index.php\/pozycjonowanie-czyli-poprawa-widocznosci-stron-internetowych-seo\/","url_meta":{"origin":481,"position":1},"title":"Pozycjonowanie, czyli poprawa widoczno\u015bci stron internetowych (SEO)","date":"13 czerwca 2018","format":false,"excerpt":"Ka\u017cda nowa strona www zaraz po napisaniu nie jest widoczna dla przegl\u0105darek. Pozycjonowanie, czyli poprawa widoczno\u015bci stron internetowych (SEO) pozwala na wskazanie tre\u015bci, na jakie powinny one reagowa\u0107. Proces ten wymaga jednak sporo czasu i wiedzy a jego efekty s\u0105 zale\u017cne od wielu Czynnik\u00f3w. Pozycjonowanie a reklama Poprawa pozycji i\u2026","rel":"","context":"Similar post","img":{"alt_text":"","src":"https:\/\/i0.wp.com\/einformatyka.com.pl\/wp-content\/uploads\/2018\/06\/Linki-organiczne-300x202.png?resize=350%2C200&ssl=1","width":350,"height":200},"classes":[]},{"id":495,"url":"https:\/\/einformatyka.com.pl\/index.php\/oferta-uslug-informatycznych\/programowanie-stron-internetowych-oraz-aplikacji-produkcyjnych\/","url_meta":{"origin":481,"position":2},"title":"Programowanie stron internetowych oraz aplikacji produkcyjnych","date":"30 sierpnia 2018","format":false,"excerpt":"Oferujemy programowanie stron internetowych oraz aplikacji produkcyjnych w j\u0119zykach PHP, HTML, MySQL oraz element\u00f3w JavaScript. Stworzone w ten spos\u00f3b projekty s\u0105 dost\u0119pne przez przegl\u0105dark\u0119 internetow\u0105. Jest to bardzo wygodne i nie wymaga instalacji dodatkowego oprogramowania na stacjach ko\u0144cowych. Oferujemy: Przygotowanie serwer\u00f3w www Pisanie stron internetowych Pisanie aplikacji produkcyjnych","rel":"","context":"Similar post","img":{"alt_text":"Programowanie-stron-internetowych-oraz-aplikacji-produkcyjnych","src":"https:\/\/i0.wp.com\/einformatyka.com.pl\/wp-content\/uploads\/2018\/08\/Programowanie-stron-internetowych-oraz-aplikacji-produkcyjnych.png?fit=1024%2C500&ssl=1&resize=350%2C200","width":350,"height":200},"classes":[]},{"id":8,"url":"https:\/\/einformatyka.com.pl\/","url_meta":{"origin":481,"position":3},"title":"Uwaga!!! Szanowni klienci dzia\u0142alno\u015b\u0107 firmy\u2026","date":"8 czerwca 2018","format":false,"excerpt":"Uwaga!!! Szanowni klienci dzia\u0142alno\u015b\u0107 firmy Einformatyka zosta\u0142a zawieszona do odwo\u0142ania. \u00a0 Pozycjonowanie - czyli proce polegaj\u0105cy na poprawianiu widoczno\u015bci i pozycji strony internetowej w wyszukiwarkach. Czytaj dalej >>> Strony internetowe\u00a0- Oferujemy przygotowanie stron internetowych w technologii CMS (szybkie tworzenie przy u\u017cyciu szablonu) oraz ich r\u0119czne pisanie w oparciu o j\u0119zyki\u2026","rel":"","context":"Similar post","img":{"alt_text":"","src":"","width":0,"height":0},"classes":[]},{"id":124,"url":"https:\/\/einformatyka.com.pl\/index.php\/o-nas\/","url_meta":{"origin":481,"position":4},"title":"O nas","date":"13 czerwca 2018","format":false,"excerpt":"Einformatyka dzia\u0142a na Polskim rynku od roku 2015 \u015bwiadcz\u0105c us\u0142ugi informatyczne dla os\u00f3b prywatnych oraz ma\u0142ych i \u015brednich firm.\u00a0 Nasze do\u015bwiadczenie zdobywali\u015bmy wsp\u00f3\u0142pracuj\u0105c z firmami takimi jak: Grupa K\u0119ty, Aluprof, Beskidzkie Biuro Konsultingowe, Gk Vip Transfer, BMB Sklep, Stan-Bruk, Zak\u0142ad Kominiarski Jaros\u0142aw Fajfrzyk \u00a0 \u00a0 \u00a0 \u00a0 \u00a0 \u00a0 \u00a0\u2026","rel":"","context":"Similar post","img":{"alt_text":"","src":"","width":0,"height":0},"classes":[]},{"id":41,"url":"https:\/\/einformatyka.com.pl\/index.php\/oferta-uslug-informatycznych\/","url_meta":{"origin":481,"position":5},"title":"Oferta us\u0142ug informatycznych","date":"8 czerwca 2018","format":false,"excerpt":"Pisanie stron internetowych Pozycjonowanie stron internetowych Naprawa komputer\u00f3w Programowanie (PHP, HTML, SQL, JavaScript) Konfiguracja serwer\u00f3w Administracja serwerami Sieci komputerowe Outsourcing IT Bezpiecze\u0144stwo danych","rel":"","context":"Similar post","img":{"alt_text":"","src":"","width":0,"height":0},"classes":[]}],"_links":{"self":[{"href":"https:\/\/einformatyka.com.pl\/index.php\/wp-json\/wp\/v2\/pages\/481"}],"collection":[{"href":"https:\/\/einformatyka.com.pl\/index.php\/wp-json\/wp\/v2\/pages"}],"about":[{"href":"https:\/\/einformatyka.com.pl\/index.php\/wp-json\/wp\/v2\/types\/page"}],"author":[{"embeddable":true,"href":"https:\/\/einformatyka.com.pl\/index.php\/wp-json\/wp\/v2\/users\/1"}],"replies":[{"embeddable":true,"href":"https:\/\/einformatyka.com.pl\/index.php\/wp-json\/wp\/v2\/comments?post=481"}],"version-history":[{"count":0,"href":"https:\/\/einformatyka.com.pl\/index.php\/wp-json\/wp\/v2\/pages\/481\/revisions"}],"up":[{"embeddable":true,"href":"https:\/\/einformatyka.com.pl\/index.php\/wp-json\/wp\/v2\/pages\/41"}],"wp:featuredmedia":[{"embeddable":true,"href":"https:\/\/einformatyka.com.pl\/index.php\/wp-json\/wp\/v2\/media\/185"}],"wp:attachment":[{"href":"https:\/\/einformatyka.com.pl\/index.php\/wp-json\/wp\/v2\/media?parent=481"}],"curies":[{"name":"wp","href":"https:\/\/api.w.org\/{rel}","templated":true}]}}